{"id":214,"date":"2013-05-07T06:31:43","date_gmt":"2013-05-07T06:31:43","guid":{"rendered":"http:\/\/gradadigital.com\/home\/?page_id=214"},"modified":"2021-04-23T18:48:00","modified_gmt":"2021-04-23T22:48:00","slug":"nosotros","status":"publish","type":"page","link":"http:\/\/gradadigital.com\/home\/nosotros\/","title":{"rendered":"Nosotros"},"content":{"rendered":"<p style=\"text-align: center;\"><img decoding=\"async\" src=\"http:\/\/gradadigital.com\/home\/wp-content\/uploads\/2021\/04\/IMG_20210423_160450-1024x770.jpg\" \/><\/p>\n<p style=\"text-align: justify;\"><strong>GradaDigital.com<\/strong> apareci\u00f3 al p\u00fablico el 29 de diciembre de 2010 bajo la direcci\u00f3n de la empresa <strong>Grada Digital C. A. <\/strong>para ser\u00a0un portal web informativo del f\u00fatbol venezolano e internacional, en el que sus protagonistas y todos aquellos involucrados dentro de este hermoso deporte, impulsaron la existencia del presente medio.<\/p>\n<p style=\"text-align: justify;\">Nuestro staff se encuentra conformado por profesionales en la materia, con el firme objetivo de brindar al p\u00fablico seguidor del f\u00fatbol nacional e internacional\u00a0una manera distinta de interpretar y vivir\u00a0la informaci\u00f3n, haciendo utilidad de\u00a0todas las herramientas que ofrece la era digital.<\/p>\n<p style=\"text-align: justify;\"><b>EQUIPO DE REDACCI\u00d3N<br \/>\n<\/b><img decoding=\"async\" src=\"http:\/\/www.gradadigital.com\/tops_minipaginas\/qs_redaccion_GD.jpg\" alt=\"\" border=\"0\" \/><br \/>\nEl equipo de redacci\u00f3n est\u00e1 encargado de plasmar en texto, todas las vivencias encontradas en el campo de juego, adem\u00e1s de conseguir las voces de los protagonistas y presentarle al lector todas las acciones ocurridas en nuestro f\u00fatbol venezolano.<\/p>\n<p style=\"text-align: justify;\"><b>EQUIPO DE FOTOGRAF\u00cdA<br \/>\n<\/b><img decoding=\"async\" src=\"http:\/\/www.gradadigital.com\/tops_minipaginas\/qs_fotografia_GD.jpg\" alt=\"\" border=\"0\" \/><br \/>\nGradaDigital tiene la colaboraci\u00f3n de diferentes fot\u00f3grafos del pa\u00eds, que traen como objetivo plasmar las im\u00e1genes vividas en el f\u00fatbol nacional. Adem\u00e1s, la fotograf\u00eda es de suma importancia, por tal motivo realizamos trabajos y producciones especiales con los protagonistas del deporte \u00abRey\u00bb, buscando mostrar variedad en nuestras im\u00e1genes. Hoy en d\u00eda y gracias a la confianza a nuestro trabajo fotogr\u00e1fico, contamos con una alianza con la Confederaci\u00f3n Sudamericana de F\u00fatbol (CONMEBOL) y Pasi\u00f3n Libertadores, quienes hacen uso de nuestras gr\u00e1ficas.<\/p>\n<p style=\"text-align: justify;\"><b>EQUIPO DE DISE\u00d1O GR\u00c1FICO<br \/>\n<\/b><img decoding=\"async\" src=\"http:\/\/www.gradadigital.com\/tops_minipaginas\/qs_grafico_GD.jpg\" alt=\"\" border=\"0\" \/><br \/>\nEn GradaDigital buscamos mostrar a nuestros seguidores el mejor material gr\u00e1fico, y para eso trabajamos en el desarrollo del mismo con el fin de presentarles novedades a nivel visual que ha sido muy escasa en nuestro f\u00fatbol. Todo el material es original y exclusivo, y adem\u00e1s de nuestro staff, tambi\u00e9n contamos con colaboradores especializados.<\/p>\n<p><strong>\u00a0SOMOS:<\/strong><\/p>\n<p>&#8211; Alejandro Lodeiro <a href=\"http:\/\/twitter.com\/alodeiroESPN\" target=\"_blank\" rel=\"noopener noreferrer\"><img loading=\"lazy\" decoding=\"async\" class=\"alignnone\" src=\"http:\/\/gradadigital.com\/home\/wp-content\/uploads\/2013\/05\/mini_twitter.jpg\" alt=\"\" width=\"10\" height=\"10\" \/><\/a><br \/>\n&#8211; Daniel Mart\u00ednez <a href=\"http:\/\/twitter.com\/danimzh\" target=\"_blank\" rel=\"noopener noreferrer\"><img loading=\"lazy\" decoding=\"async\" src=\"http:\/\/gradadigital.com\/home\/wp-content\/uploads\/2013\/05\/mini_twitter.jpg\" alt=\"\" width=\"10\" height=\"10\" \/><\/a><br \/>\n&#8211; Eduardo Contreras <a href=\"http:\/\/twitter.com\/CuchoContreras\" target=\"_blank\" rel=\"noopener noreferrer\"><img loading=\"lazy\" decoding=\"async\" src=\"http:\/\/gradadigital.com\/home\/wp-content\/uploads\/2013\/05\/mini_twitter.jpg\" alt=\"\" width=\"10\" height=\"10\" \/><\/a><br \/>\n&#8211; Francisco Pece\u00f1o <a href=\"http:\/\/twitter.com\/FranPece\" target=\"_blank\" rel=\"noopener noreferrer\"><img loading=\"lazy\" decoding=\"async\" src=\"http:\/\/gradadigital.com\/home\/wp-content\/uploads\/2013\/05\/mini_twitter.jpg\" alt=\"\" width=\"10\" height=\"10\" \/><\/a><br \/>\n&#8211; Jes\u00fas S\u00e1ez <a href=\"http:\/\/twitter.com\/ElPollo22\" target=\"_blank\" rel=\"noopener noreferrer\"><img loading=\"lazy\" decoding=\"async\" src=\"http:\/\/gradadigital.com\/home\/wp-content\/uploads\/2013\/05\/mini_twitter.jpg\" alt=\"\" width=\"10\" height=\"10\" \/><\/a><br \/>\n&#8211; Jos\u00e9 Montilla <a href=\"http:\/\/twitter.com\/JoseMontillaQ\" target=\"_blank\" rel=\"noopener noreferrer\"><img loading=\"lazy\" decoding=\"async\" src=\"http:\/\/gradadigital.com\/home\/wp-content\/uploads\/2013\/05\/mini_twitter.jpg\" alt=\"\" width=\"10\" height=\"10\" \/><\/a><br \/>\n&#8211; Marliby Vargas <a href=\"http:\/\/twitter.com\/Marliby\" target=\"_blank\" rel=\"noopener noreferrer\"><img loading=\"lazy\" decoding=\"async\" src=\"http:\/\/gradadigital.com\/home\/wp-content\/uploads\/2013\/05\/mini_twitter.jpg\" alt=\"\" width=\"10\" height=\"10\" \/><\/a><br \/>\n&#8211; Mario Polo<br \/>\n&#8211; Miguel Vallenilla <a href=\"http:\/\/twitter.com\/freeloop\" target=\"_blank\" rel=\"noopener noreferrer\"><img loading=\"lazy\" decoding=\"async\" src=\"http:\/\/gradadigital.com\/home\/wp-content\/uploads\/2013\/05\/mini_twitter.jpg\" alt=\"\" width=\"10\" height=\"10\" \/><\/a><\/p>\n<div class=\"clear\"><\/div><div class=\"divider\"><\/div>\n<h6 style=\"text-align: left; padding-left: 60px;\"><img loading=\"lazy\" decoding=\"async\" class=\"wp-image-24149 alignleft\" src=\"http:\/\/gradadigital.com\/home\/wp-content\/uploads\/2013\/05\/GD_CA_2016.png\" alt=\"GD_CA_2016\" width=\"100\" height=\"160\" \/><\/h6>\n<h6 style=\"text-align: left; padding-left: 60px;\"><strong>GRADA DIGITAL C.A.<\/strong><br \/>\nInscrito en el Registro Mercantil con el n\u00famero de expediente: 225-24159<br \/>\nCaracas, 1021, Venezuela<br \/>\n(0426) 218.99.87<br \/>\n(0412) 540.85.61<\/h6>\n<h6 style=\"text-align: left; padding-left: 60px;\"><\/h6>\n<h6 style=\"text-align: left; padding-left: 60px;\"><div class=\"clear\"><\/div><div class=\"divider\"><\/div><\/h6>\n<h6 style=\"text-align: left; padding-left: 60px;\"><strong>Estad\u00edsticas auditadas por:<\/strong><br \/>\n<img loading=\"lazy\" decoding=\"async\" class=\"alignnone size-full wp-image-2286\" src=\"http:\/\/gradadigital.com\/home\/wp-content\/uploads\/2013\/05\/google-analytics-logo21.png\" alt=\"google-analytics-logo21\" width=\"130\" height=\"29\" srcset=\"http:\/\/gradadigital.com\/home\/wp-content\/uploads\/2013\/05\/google-analytics-logo21.png 373w, http:\/\/gradadigital.com\/home\/wp-content\/uploads\/2013\/05\/google-analytics-logo21-300x67.png 300w\" sizes=\"auto, (max-width: 130px) 100vw, 130px\" \/><img loading=\"lazy\" decoding=\"async\" class=\"alignnone size-full wp-image-2285\" src=\"http:\/\/gradadigital.com\/home\/wp-content\/uploads\/2013\/05\/Alexa.png\" alt=\"Alexa\" width=\"130\" height=\"33\" srcset=\"http:\/\/gradadigital.com\/home\/wp-content\/uploads\/2013\/05\/Alexa.png 512w, http:\/\/gradadigital.com\/home\/wp-content\/uploads\/2013\/05\/Alexa-300x76.png 300w\" sizes=\"auto, (max-width: 130px) 100vw, 130px\" \/><\/h6>\n<h6 style=\"text-align: justify; padding-left: 60px;\"><strong>Aviso legal:<\/strong> Las notas firmadas son responsabilidad de sus autores. Las marcas nombradas son utilizadas con fines editoriales y no pretenden infringir ning\u00fan derecho. Las im\u00e1genes que ilustran esta p\u00e1gina se exhiben con fines period\u00edsticos. Los derechos corresponden a los autores de las mismas. La informaci\u00f3n contenida en este sitio web puede modificarse en cualquier momento sin notificaci\u00f3n previa u obligaci\u00f3n. La informaci\u00f3n publicada en el sitio puede incluir referencias o referencias cruzadas a otros sitios. La precisi\u00f3n de dicha informaci\u00f3n no puede garantizarse, sobre todo porque est\u00e1 sujeta a cambios.<\/h6>\n<p style=\"text-align: left; padding-left: 60px;\"><strong>Para cualquier informaci\u00f3n:<\/strong> <a href=\"mailto:gradadigital@gmail.com\">contacto@gradadigital.com<\/a><\/p>\n","protected":false},"excerpt":{"rendered":"<p>GradaDigital.com apareci\u00f3 al p\u00fablico el 29 de diciembre de 2010 bajo la direcci\u00f3n de la empresa Grada Digital C. A. para ser\u00a0un portal web informativo del f\u00fatbol venezolano e internacional, en el que sus protagonistas y todos aquellos involucrados dentro de este hermoso deporte, impulsaron la existencia del presente medio. Nuestro staff se encuentra conformado &#8230;<\/p>\n","protected":false},"author":1,"featured_media":0,"parent":0,"menu_order":0,"comment_status":"closed","ping_status":"closed","template":"","meta":{"footnotes":""},"class_list":["post-214","page","type-page","status-publish","hentry"],"_links":{"self":[{"href":"http:\/\/gradadigital.com\/home\/wp-json\/wp\/v2\/pages\/214","targetHints":{"allow":["GET"]}}],"collection":[{"href":"http:\/\/gradadigital.com\/home\/wp-json\/wp\/v2\/pages"}],"about":[{"href":"http:\/\/gradadigital.com\/home\/wp-json\/wp\/v2\/types\/page"}],"author":[{"embeddable":true,"href":"http:\/\/gradadigital.com\/home\/wp-json\/wp\/v2\/users\/1"}],"replies":[{"embeddable":true,"href":"http:\/\/gradadigital.com\/home\/wp-json\/wp\/v2\/comments?post=214"}],"version-history":[{"count":64,"href":"http:\/\/gradadigital.com\/home\/wp-json\/wp\/v2\/pages\/214\/revisions"}],"predecessor-version":[{"id":40161,"href":"http:\/\/gradadigital.com\/home\/wp-json\/wp\/v2\/pages\/214\/revisions\/40161"}],"wp:attachment":[{"href":"http:\/\/gradadigital.com\/home\/wp-json\/wp\/v2\/media?parent=214"}],"curies":[{"name":"wp","href":"https:\/\/api.w.org\/{rel}","templated":true}]}}